{"id":711,"date":"2019-06-13T09:24:06","date_gmt":"2019-06-13T09:24:06","guid":{"rendered":"https:\/\/www.traildes2baies.fr\/?page_id=711"},"modified":"2025-01-08T09:56:23","modified_gmt":"2025-01-08T09:56:23","slug":"les-partenaires-media","status":"publish","type":"page","link":"https:\/\/traildes2baies.fr\/?page_id=711","title":{"rendered":"Les partenaires m\u00e9dias"},"content":{"rendered":"\t\t<div data-elementor-type=\"wp-post\" data-elementor-id=\"711\" class=\"elementor elementor-711\">\n\t\t\t\t\t\t<section class=\"elementor-section elementor-top-section elementor-element elementor-element-a4811bd elementor-section-boxed elementor-section-height-default elementor-section-height-default\" data-id=\"a4811bd\" data-element_type=\"section\">\n\t\t\t\t\t\t<div class=\"elementor-container elementor-column-gap-default\">\n\t\t\t\t\t<div class=\"elementor-column elementor-col-100 elementor-top-column elementor-element elementor-element-37bfdc0\" data-id=\"37bfdc0\" data-element_type=\"column\">\n\t\t\t<div class=\"elementor-widget-wrap elementor-element-populated\">\n\t\t\t\t\t\t<section class=\"elementor-section elementor-inner-section elementor-element elementor-element-e3fb191 elementor-section-boxed elementor-section-height-default elementor-section-height-default\" data-id=\"e3fb191\" data-element_type=\"section\">\n\t\t\t\t\t\t<div class=\"elementor-container elementor-column-gap-default\">\n\t\t\t\t\t<div class=\"elementor-column elementor-col-50 elementor-inner-column elementor-element elementor-element-2b83082\" data-id=\"2b83082\" data-element_type=\"column\">\n\t\t\t<div class=\"elementor-widget-wrap elementor-element-populated\">\n\t\t\t\t\t\t<div class=\"elementor-element elementor-element-6150d05 elementor-widget elementor-widget-boosted-elements-advanced-button\" data-id=\"6150d05\" data-element_type=\"widget\" data-widget_type=\"boosted-elements-advanced-button.default\">\n\t\t\t\t<div class=\"elementor-widget-container\">\n\t\t\t\n\t\t\n\n\t<div class=\"boosted-elements-progression-advanced-button-container\">\t\t\n\t\t<a href=\"https:\/\/www.traildes2baies.fr\/les-partenaires-publics\"   class=\"boosted-elements-advanced-button elementor-animation- boosted-elements-btn-animate-opacity boosted-elements-icon-animate-replace-from-left\">\n\t\t\t\n\t\t\t<div class=\"boosted-elements-advanced-btn-text\"><span class=\"boosted-elements-advanced-btn-text-inline\"><div >Partenaires publics<\/div><\/span><\/div>\n\t\t\t\n\t\t\t<span class=\"boosted-elements-advanced-btn-background\"><\/span>\n\t\t\t<span class=\"boosted-elements-advanced-btn-background-hover\"><\/span>\n\t\t<\/a>\n\t<\/div><!-- close .boosted-elements-progression-advanced-button-container -->\n\t\n\t\n\t\t\t<\/div>\n\t\t\t\t<\/div>\n\t\t\t\t\t<\/div>\n\t\t<\/div>\n\t\t\t\t<div class=\"elementor-column elementor-col-50 elementor-inner-column elementor-element elementor-element-d4a3fea\" data-id=\"d4a3fea\" data-element_type=\"column\">\n\t\t\t<div class=\"elementor-widget-wrap elementor-element-populated\">\n\t\t\t\t\t\t<div class=\"elementor-element elementor-element-4bd95b6 elementor-widget elementor-widget-boosted-elements-advanced-button\" data-id=\"4bd95b6\" data-element_type=\"widget\" data-widget_type=\"boosted-elements-advanced-button.default\">\n\t\t\t\t<div class=\"elementor-widget-container\">\n\t\t\t\n\t\t\n\n\t<div class=\"boosted-elements-progression-advanced-button-container\">\t\t\n\t\t<a href=\"https:\/\/www.traildes2baies.fr\/les-partenaires-prives\"   class=\"boosted-elements-advanced-button elementor-animation- boosted-elements-btn-animate-opacity boosted-elements-icon-animate-replace-from-left\">\n\t\t\t\n\t\t\t<div class=\"boosted-elements-advanced-btn-text\"><span class=\"boosted-elements-advanced-btn-text-inline\"><div >Partenaires priv\u00e9s<\/div><\/span><\/div>\n\t\t\t\n\t\t\t<span class=\"boosted-elements-advanced-btn-background\"><\/span>\n\t\t\t<span class=\"boosted-elements-advanced-btn-background-hover\"><\/span>\n\t\t<\/a>\n\t<\/div><!-- close .boosted-elements-progression-advanced-button-container -->\n\t\n\t\n\t\t\t<\/div>\n\t\t\t\t<\/div>\n\t\t\t\t\t<\/div>\n\t\t<\/div>\n\t\t\t\t\t<\/div>\n\t\t<\/section>\n\t\t\t\t<div class=\"elementor-element elementor-element-543c5c1 elementor-widget elementor-widget-heading\" data-id=\"543c5c1\" data-element_type=\"widget\" data-widget_type=\"heading.default\">\n\t\t\t\t<div class=\"elementor-widget-container\">\n\t\t\t<h1 class=\"elementor-heading-title elementor-size-default\">Nos partenaires <\/h1>\t\t<\/div>\n\t\t\t\t<\/div>\n\t\t\t\t<section class=\"elementor-section elementor-inner-section elementor-element elementor-element-b3cf0a6 elementor-section-boxed elementor-section-height-default elementor-section-height-default\" data-id=\"b3cf0a6\" data-element_type=\"section\">\n\t\t\t\t\t\t<div class=\"elementor-container elementor-column-gap-default\">\n\t\t\t\t\t<div class=\"elementor-column elementor-col-50 elementor-inner-column elementor-element elementor-element-3e13af1\" data-id=\"3e13af1\" data-element_type=\"column\">\n\t\t\t<div class=\"elementor-widget-wrap elementor-element-populated\">\n\t\t\t\t\t\t<div class=\"elementor-element elementor-element-f84673b elementor-widget elementor-widget-image\" data-id=\"f84673b\" data-element_type=\"widget\" data-widget_type=\"image.default\">\n\t\t\t\t<div class=\"elementor-widget-container\">\n\t\t\t\t\t\t\t\t\t\t\t\t\t<img width=\"150\" height=\"150\" src=\"https:\/\/traildes2baies.fr\/wp-content\/uploads\/2019\/06\/radio-6-150x150.png\" class=\"attachment-thumbnail size-thumbnail wp-image-714\" alt=\"logo Radio 6 partenaire du trail des 2 baies\" srcset=\"https:\/\/traildes2baies.fr\/wp-content\/uploads\/2019\/06\/radio-6-150x150.png 150w, https:\/\/traildes2baies.fr\/wp-content\/uploads\/2019\/06\/radio-6-100x100.png 100w, https:\/\/traildes2baies.fr\/wp-content\/uploads\/2019\/06\/radio-6.png 300w\" sizes=\"(max-width: 150px) 100vw, 150px\" \/>\t\t\t\t\t\t\t\t\t\t\t\t\t<\/div>\n\t\t\t\t<\/div>\n\t\t\t\t\t<\/div>\n\t\t<\/div>\n\t\t\t\t<div class=\"elementor-column elementor-col-50 elementor-inner-column elementor-element elementor-element-801313e\" data-id=\"801313e\" data-element_type=\"column\">\n\t\t\t<div class=\"elementor-widget-wrap elementor-element-populated\">\n\t\t\t\t\t\t<div class=\"elementor-element elementor-element-5c2b3e0 elementor-widget elementor-widget-text-editor\" data-id=\"5c2b3e0\" data-element_type=\"widget\" data-widget_type=\"text-editor.default\">\n\t\t\t\t<div class=\"elementor-widget-container\">\n\t\t\t\t\t\t\t<p>Toute l&rsquo;info et le sport en direct dans votre r\u00e9gion :&nbsp;<a href=\"http:\/\/www.radio6.fr\/\" target=\"_blank\" rel=\"noopener undefined\" data-content=\"http:\/\/www.radio6.fr\/\" data-type=\"external\">www.radio6.fr<\/a><\/p>\t\t\t\t\t\t<\/div>\n\t\t\t\t<\/div>\n\t\t\t\t\t<\/div>\n\t\t<\/div>\n\t\t\t\t\t<\/div>\n\t\t<\/section>\n\t\t\t\t\t<\/div>\n\t\t<\/div>\n\t\t\t\t\t<\/div>\n\t\t<\/section>\n\t\t\t\t<\/div>\n\t\t","protected":false},"excerpt":{"rendered":"<p>Partenaires publics Partenaires priv\u00e9s Nos partenaires Toute l&rsquo;info et le sport en direct dans votre r\u00e9gion :&nbsp;www.radio6.fr<\/p>\n","protected":false},"author":8,"featured_media":0,"parent":0,"menu_order":0,"comment_status":"closed","ping_status":"closed","template":"","meta":{"_mi_skip_tracking":false},"yoast_head":"<!-- This site is optimized with the Yoast SEO plugin v20.6 - https:\/\/yoast.com\/wordpress\/plugins\/seo\/ -->\n<title>Trail des 2 baies- Les partenaires m\u00e9dia.<\/title>\n<meta name=\"description\" content=\"D\u00e9couvrez nos partenaires m\u00e9dias qui nous aident tout au long de la course.\" \/>\n<meta name=\"robots\" content=\"index, follow, max-snippet:-1, max-image-preview:large, max-video-preview:-1\" \/>\n<link rel=\"canonical\" href=\"https:\/\/traildes2baies.fr\/?page_id=711\" \/>\n<meta property=\"og:locale\" content=\"fr_FR\" \/>\n<meta property=\"og:type\" content=\"article\" \/>\n<meta property=\"og:title\" content=\"Trail des 2 baies- Les partenaires m\u00e9dia.\" \/>\n<meta property=\"og:description\" content=\"D\u00e9couvrez nos partenaires m\u00e9dias qui nous aident tout au long de la course.\" \/>\n<meta property=\"og:url\" content=\"https:\/\/traildes2baies.fr\/?page_id=711\" \/>\n<meta property=\"og:site_name\" content=\"Trail D2B\" \/>\n<meta property=\"article:publisher\" content=\"https:\/\/www.facebook.com\/traild2b\" \/>\n<meta property=\"article:modified_time\" content=\"2025-01-08T09:56:23+00:00\" \/>\n<meta property=\"og:image\" content=\"https:\/\/traildes2baies.fr\/wp-content\/uploads\/2019\/06\/radio-6-150x150.png\" \/>\n<meta name=\"twitter:card\" content=\"summary_large_image\" \/>\n<meta name=\"twitter:label1\" content=\"Dur\u00e9e de lecture estim\u00e9e\" \/>\n\t<meta name=\"twitter:data1\" content=\"1 minute\" \/>\n<script type=\"application\/ld+json\" class=\"yoast-schema-graph\">{\"@context\":\"https:\/\/schema.org\",\"@graph\":[{\"@type\":\"WebPage\",\"@id\":\"https:\/\/traildes2baies.fr\/?page_id=711\",\"url\":\"https:\/\/traildes2baies.fr\/?page_id=711\",\"name\":\"Trail des 2 baies- Les partenaires m\u00e9dia.\",\"isPartOf\":{\"@id\":\"https:\/\/traildes2baies.fr\/#website\"},\"datePublished\":\"2019-06-13T09:24:06+00:00\",\"dateModified\":\"2025-01-08T09:56:23+00:00\",\"description\":\"D\u00e9couvrez nos partenaires m\u00e9dias qui nous aident tout au long de la course.\",\"breadcrumb\":{\"@id\":\"https:\/\/traildes2baies.fr\/?page_id=711#breadcrumb\"},\"inLanguage\":\"fr-FR\",\"potentialAction\":[{\"@type\":\"ReadAction\",\"target\":[\"https:\/\/traildes2baies.fr\/?page_id=711\"]}]},{\"@type\":\"BreadcrumbList\",\"@id\":\"https:\/\/traildes2baies.fr\/?page_id=711#breadcrumb\",\"itemListElement\":[{\"@type\":\"ListItem\",\"position\":1,\"name\":\"Accueil\",\"item\":\"https:\/\/traildes2baies.fr\/\"},{\"@type\":\"ListItem\",\"position\":2,\"name\":\"Les partenaires m\u00e9dias\"}]},{\"@type\":\"WebSite\",\"@id\":\"https:\/\/traildes2baies.fr\/#website\",\"url\":\"https:\/\/traildes2baies.fr\/\",\"name\":\"Trail D2B\",\"description\":\"\",\"publisher\":{\"@id\":\"https:\/\/traildes2baies.fr\/#organization\"},\"potentialAction\":[{\"@type\":\"SearchAction\",\"target\":{\"@type\":\"EntryPoint\",\"urlTemplate\":\"https:\/\/traildes2baies.fr\/?s={search_term_string}\"},\"query-input\":\"required name=search_term_string\"}],\"inLanguage\":\"fr-FR\"},{\"@type\":\"Organization\",\"@id\":\"https:\/\/traildes2baies.fr\/#organization\",\"name\":\"Trail D2B\",\"url\":\"https:\/\/traildes2baies.fr\/\",\"logo\":{\"@type\":\"ImageObject\",\"inLanguage\":\"fr-FR\",\"@id\":\"https:\/\/traildes2baies.fr\/#\/schema\/logo\/image\/\",\"url\":\"https:\/\/traildes2baies.fr\/wp-content\/uploads\/2019\/06\/trail-d2B.png\",\"contentUrl\":\"https:\/\/traildes2baies.fr\/wp-content\/uploads\/2019\/06\/trail-d2B.png\",\"width\":400,\"height\":400,\"caption\":\"Trail D2B\"},\"image\":{\"@id\":\"https:\/\/traildes2baies.fr\/#\/schema\/logo\/image\/\"},\"sameAs\":[\"https:\/\/www.facebook.com\/traild2b\"]}]}<\/script>\n<!-- \/ Yoast SEO plugin. -->","yoast_head_json":{"title":"Trail des 2 baies- Les partenaires m\u00e9dia.","description":"D\u00e9couvrez nos partenaires m\u00e9dias qui nous aident tout au long de la course.","robots":{"index":"index","follow":"follow","max-snippet":"max-snippet:-1","max-image-preview":"max-image-preview:large","max-video-preview":"max-video-preview:-1"},"canonical":"https:\/\/traildes2baies.fr\/?page_id=711","og_locale":"fr_FR","og_type":"article","og_title":"Trail des 2 baies- Les partenaires m\u00e9dia.","og_description":"D\u00e9couvrez nos partenaires m\u00e9dias qui nous aident tout au long de la course.","og_url":"https:\/\/traildes2baies.fr\/?page_id=711","og_site_name":"Trail D2B","article_publisher":"https:\/\/www.facebook.com\/traild2b","article_modified_time":"2025-01-08T09:56:23+00:00","og_image":[{"url":"https:\/\/traildes2baies.fr\/wp-content\/uploads\/2019\/06\/radio-6-150x150.png"}],"twitter_card":"summary_large_image","twitter_misc":{"Dur\u00e9e de lecture estim\u00e9e":"1 minute"},"schema":{"@context":"https:\/\/schema.org","@graph":[{"@type":"WebPage","@id":"https:\/\/traildes2baies.fr\/?page_id=711","url":"https:\/\/traildes2baies.fr\/?page_id=711","name":"Trail des 2 baies- Les partenaires m\u00e9dia.","isPartOf":{"@id":"https:\/\/traildes2baies.fr\/#website"},"datePublished":"2019-06-13T09:24:06+00:00","dateModified":"2025-01-08T09:56:23+00:00","description":"D\u00e9couvrez nos partenaires m\u00e9dias qui nous aident tout au long de la course.","breadcrumb":{"@id":"https:\/\/traildes2baies.fr\/?page_id=711#breadcrumb"},"inLanguage":"fr-FR","potentialAction":[{"@type":"ReadAction","target":["https:\/\/traildes2baies.fr\/?page_id=711"]}]},{"@type":"BreadcrumbList","@id":"https:\/\/traildes2baies.fr\/?page_id=711#breadcrumb","itemListElement":[{"@type":"ListItem","position":1,"name":"Accueil","item":"https:\/\/traildes2baies.fr\/"},{"@type":"ListItem","position":2,"name":"Les partenaires m\u00e9dias"}]},{"@type":"WebSite","@id":"https:\/\/traildes2baies.fr\/#website","url":"https:\/\/traildes2baies.fr\/","name":"Trail D2B","description":"","publisher":{"@id":"https:\/\/traildes2baies.fr\/#organization"},"potentialAction":[{"@type":"SearchAction","target":{"@type":"EntryPoint","urlTemplate":"https:\/\/traildes2baies.fr\/?s={search_term_string}"},"query-input":"required name=search_term_string"}],"inLanguage":"fr-FR"},{"@type":"Organization","@id":"https:\/\/traildes2baies.fr\/#organization","name":"Trail D2B","url":"https:\/\/traildes2baies.fr\/","logo":{"@type":"ImageObject","inLanguage":"fr-FR","@id":"https:\/\/traildes2baies.fr\/#\/schema\/logo\/image\/","url":"https:\/\/traildes2baies.fr\/wp-content\/uploads\/2019\/06\/trail-d2B.png","contentUrl":"https:\/\/traildes2baies.fr\/wp-content\/uploads\/2019\/06\/trail-d2B.png","width":400,"height":400,"caption":"Trail D2B"},"image":{"@id":"https:\/\/traildes2baies.fr\/#\/schema\/logo\/image\/"},"sameAs":["https:\/\/www.facebook.com\/traild2b"]}]}},"_links":{"self":[{"href":"https:\/\/traildes2baies.fr\/index.php?rest_route=\/wp\/v2\/pages\/711"}],"collection":[{"href":"https:\/\/traildes2baies.fr\/index.php?rest_route=\/wp\/v2\/pages"}],"about":[{"href":"https:\/\/traildes2baies.fr\/index.php?rest_route=\/wp\/v2\/types\/page"}],"author":[{"embeddable":true,"href":"https:\/\/traildes2baies.fr\/index.php?rest_route=\/wp\/v2\/users\/8"}],"replies":[{"embeddable":true,"href":"https:\/\/traildes2baies.fr\/index.php?rest_route=%2Fwp%2Fv2%2Fcomments&post=711"}],"version-history":[{"count":11,"href":"https:\/\/traildes2baies.fr\/index.php?rest_route=\/wp\/v2\/pages\/711\/revisions"}],"predecessor-version":[{"id":32175,"href":"https:\/\/traildes2baies.fr\/index.php?rest_route=\/wp\/v2\/pages\/711\/revisions\/32175"}],"wp:attachment":[{"href":"https:\/\/traildes2baies.fr\/index.php?rest_route=%2Fwp%2Fv2%2Fmedia&parent=711"}],"curies":[{"name":"wp","href":"https:\/\/api.w.org\/{rel}","templated":true}]}}