{"id":7254,"date":"2019-10-26T13:36:51","date_gmt":"2019-10-26T13:36:51","guid":{"rendered":"https:\/\/www.traildes2baies.fr\/?page_id=7254"},"modified":"2022-12-02T11:00:42","modified_gmt":"2022-12-02T11:00:42","slug":"lassociation","status":"publish","type":"page","link":"https:\/\/traildes2baies.fr\/?page_id=7254","title":{"rendered":"L&rsquo;association"},"content":{"rendered":"\t\t<div data-elementor-type=\"wp-post\" data-elementor-id=\"7254\" class=\"elementor elementor-7254\">\n\t\t\t\t\t\t<section class=\"elementor-section elementor-top-section elementor-element elementor-element-d985656 elementor-section-boxed elementor-section-height-default elementor-section-height-default\" data-id=\"d985656\" data-element_type=\"section\">\n\t\t\t\t\t\t<div class=\"elementor-container elementor-column-gap-default\">\n\t\t\t\t\t<div class=\"elementor-column elementor-col-50 elementor-top-column elementor-element elementor-element-f4b0d00\" data-id=\"f4b0d00\" data-element_type=\"column\">\n\t\t\t<div class=\"elementor-widget-wrap elementor-element-populated\">\n\t\t\t\t\t\t<div class=\"elementor-element elementor-element-6cd0e46 elementor-widget elementor-widget-text-editor\" data-id=\"6cd0e46\" data-element_type=\"widget\" data-widget_type=\"text-editor.default\">\n\t\t\t\t<div class=\"elementor-widget-container\">\n\t\t\t\t\t\t\t<p class=\"font_8\">L\u2019association Touquet Raid existe depuis le 30 juillet 2009. Son si\u00e8ge social est Centre des affaires 62520 Le Touquet.<\/p>\n<p class=\"font_8\"><b><stan style=\"color:black\">Son objet :<\/b>\u00a0promouvoir, d\u00e9velopper la pratique des sports comme le raid multisport, proposer des rencontres et des entra\u00eenements, participer \u00e0 des \u00e9v\u00e8nements sportifs ; organiser des \u00e9v\u00e8nements ; mettre \u00e0 disposition de tous les moyens de d\u00e9veloppement d\u2019activit\u00e9s \u00e9ducatives, sociales et r\u00e9cr\u00e9atives. Nous sommes une \u00e9quipe de plus de 100 personnes, pr\u00e9sente sur chaque \u00e9v\u00e8nement port\u00e9 par l\u2019association.<\/p>\n<p class=\"ox-edc492f5ce-MsoNormal\">Vous souhaitez rejoindre notre \u00e9quipe de b\u00e9n\u00e9voles, envoyez-nous un mail\u00a0:\u00a0<a class=\"mailto-link\" href=\"mailto:contact@touquetraid.com\" target=\"_blank\" rel=\"noopener\">contact@touquetraid.com<\/a>\u00a0et 06 24 14 32 56<\/p>\t\t\t\t\t\t<\/div>\n\t\t\t\t<\/div>\n\t\t\t\t\t<\/div>\n\t\t<\/div>\n\t\t\t\t<div class=\"elementor-column elementor-col-50 elementor-top-column elementor-element elementor-element-57916f3\" data-id=\"57916f3\" data-element_type=\"column\">\n\t\t\t<div class=\"elementor-widget-wrap elementor-element-populated\">\n\t\t\t\t\t\t<div class=\"elementor-element elementor-element-4e7ffa1 elementor-widget elementor-widget-image\" data-id=\"4e7ffa1\" data-element_type=\"widget\" data-widget_type=\"image.default\">\n\t\t\t\t<div class=\"elementor-widget-container\">\n\t\t\t\t\t\t\t\t\t\t\t\t\t<img fetchpriority=\"high\" width=\"400\" height=\"400\" src=\"https:\/\/traildes2baies.fr\/wp-content\/uploads\/2022\/11\/LOGO-400.png\" class=\"attachment-medium_large size-medium_large wp-image-31247\" alt=\"Touquet Raid Pas de Calais\" srcset=\"https:\/\/traildes2baies.fr\/wp-content\/uploads\/2022\/11\/LOGO-400.png 400w, https:\/\/traildes2baies.fr\/wp-content\/uploads\/2022\/11\/LOGO-400-300x300.png 300w, https:\/\/traildes2baies.fr\/wp-content\/uploads\/2022\/11\/LOGO-400-150x150.png 150w\" sizes=\"(max-width: 400px) 100vw, 400px\" \/>\t\t\t\t\t\t\t\t\t\t\t\t\t<\/div>\n\t\t\t\t<\/div>\n\t\t\t\t\t<\/div>\n\t\t<\/div>\n\t\t\t\t\t<\/div>\n\t\t<\/section>\n\t\t\t\t<section class=\"elementor-section elementor-top-section elementor-element elementor-element-294acca elementor-section-boxed elementor-section-height-default elementor-section-height-default\" data-id=\"294acca\" data-element_type=\"section\">\n\t\t\t\t\t\t<div class=\"elementor-container elementor-column-gap-default\">\n\t\t\t\t\t<div class=\"elementor-column elementor-col-100 elementor-top-column elementor-element elementor-element-4b9e1bf\" data-id=\"4b9e1bf\" data-element_type=\"column\">\n\t\t\t<div class=\"elementor-widget-wrap elementor-element-populated\">\n\t\t\t\t\t\t<div class=\"elementor-element elementor-element-7df4603 elementor-widget elementor-widget-image\" data-id=\"7df4603\" data-element_type=\"widget\" data-widget_type=\"image.default\">\n\t\t\t\t<div class=\"elementor-widget-container\">\n\t\t\t\t\t\t\t\t\t\t\t\t\t<img width=\"800\" height=\"600\" src=\"https:\/\/traildes2baies.fr\/wp-content\/uploads\/2019\/11\/benevoles-touquet-raid-association.png\" class=\"attachment-large size-large wp-image-9026\" alt=\"\" srcset=\"https:\/\/traildes2baies.fr\/wp-content\/uploads\/2019\/11\/benevoles-touquet-raid-association.png 800w, https:\/\/traildes2baies.fr\/wp-content\/uploads\/2019\/11\/benevoles-touquet-raid-association-300x225.png 300w, https:\/\/traildes2baies.fr\/wp-content\/uploads\/2019\/11\/benevoles-touquet-raid-association-768x576.png 768w, https:\/\/traildes2baies.fr\/wp-content\/uploads\/2019\/11\/benevoles-touquet-raid-association-500x375.png 500w\" sizes=\"(max-width: 800px) 100vw, 800px\" \/>\t\t\t\t\t\t\t\t\t\t\t\t\t<\/div>\n\t\t\t\t<\/div>\n\t\t\t\t\t<\/div>\n\t\t<\/div>\n\t\t\t\t\t<\/div>\n\t\t<\/section>\n\t\t\t\t<section class=\"elementor-section elementor-top-section elementor-element elementor-element-7d67d53 elementor-section-boxed elementor-section-height-default elementor-section-height-default\" data-id=\"7d67d53\" data-element_type=\"section\">\n\t\t\t\t\t\t<div class=\"elementor-container elementor-column-gap-default\">\n\t\t\t\t\t<div class=\"elementor-column elementor-col-25 elementor-top-column elementor-element elementor-element-2d01d2c\" data-id=\"2d01d2c\" data-element_type=\"column\">\n\t\t\t<div class=\"elementor-widget-wrap elementor-element-populated\">\n\t\t\t\t\t\t<div class=\"elementor-element elementor-element-eedd099 elementor-widget elementor-widget-image\" data-id=\"eedd099\" data-element_type=\"widget\" data-widget_type=\"image.default\">\n\t\t\t\t<div class=\"elementor-widget-container\">\n\t\t\t\t\t\t\t\t\t\t\t\t\t\t<a href=\"https:\/\/traildes2baies.fr\">\n\t\t\t\t\t\t\t<img width=\"120\" height=\"120\" src=\"https:\/\/traildes2baies.fr\/wp-content\/uploads\/2022\/11\/logo-D2B.png\" class=\"attachment-thumbnail size-thumbnail wp-image-31252\" alt=\"Trail D2B\" \/>\t\t\t\t\t\t\t\t<\/a>\n\t\t\t\t\t\t\t\t\t\t\t\t\t<\/div>\n\t\t\t\t<\/div>\n\t\t\t\t\t<\/div>\n\t\t<\/div>\n\t\t\t\t<div class=\"elementor-column elementor-col-25 elementor-top-column elementor-element elementor-element-b54fa61\" data-id=\"b54fa61\" data-element_type=\"column\">\n\t\t\t<div class=\"elementor-widget-wrap elementor-element-populated\">\n\t\t\t\t\t\t<div class=\"elementor-element elementor-element-a4f7ecd elementor-widget elementor-widget-image\" data-id=\"a4f7ecd\" data-element_type=\"widget\" data-widget_type=\"image.default\">\n\t\t\t\t<div class=\"elementor-widget-container\">\n\t\t\t\t\t\t\t\t\t\t\t\t\t\t<a href=\"https:\/\/touquetraid.com\">\n\t\t\t\t\t\t\t<img loading=\"lazy\" width=\"150\" height=\"150\" src=\"https:\/\/traildes2baies.fr\/wp-content\/uploads\/2022\/11\/LOGO-400-150x150.png\" class=\"attachment-thumbnail size-thumbnail wp-image-31247\" alt=\"Touquet Raid Pas de Calais\" srcset=\"https:\/\/traildes2baies.fr\/wp-content\/uploads\/2022\/11\/LOGO-400-150x150.png 150w, https:\/\/traildes2baies.fr\/wp-content\/uploads\/2022\/11\/LOGO-400-300x300.png 300w, https:\/\/traildes2baies.fr\/wp-content\/uploads\/2022\/11\/LOGO-400.png 400w\" sizes=\"(max-width: 150px) 100vw, 150px\" \/>\t\t\t\t\t\t\t\t<\/a>\n\t\t\t\t\t\t\t\t\t\t\t\t\t<\/div>\n\t\t\t\t<\/div>\n\t\t\t\t\t<\/div>\n\t\t<\/div>\n\t\t\t\t<div class=\"elementor-column elementor-col-25 elementor-top-column elementor-element elementor-element-082115a\" data-id=\"082115a\" data-element_type=\"column\">\n\t\t\t<div class=\"elementor-widget-wrap elementor-element-populated\">\n\t\t\t\t\t\t<div class=\"elementor-element elementor-element-58b6f93 elementor-widget elementor-widget-image\" data-id=\"58b6f93\" data-element_type=\"widget\" data-widget_type=\"image.default\">\n\t\t\t\t<div class=\"elementor-widget-container\">\n\t\t\t\t\t\t\t\t\t\t\t\t\t\t<a href=\"https:\/\/touquetraidamazones.com\">\n\t\t\t\t\t\t\t<img loading=\"lazy\" width=\"150\" height=\"150\" src=\"https:\/\/traildes2baies.fr\/wp-content\/uploads\/2022\/11\/LOGO-TOUQUET-RAID-150x150.png\" class=\"attachment-thumbnail size-thumbnail wp-image-31253\" alt=\"Touquet Raid Amazones\" srcset=\"https:\/\/traildes2baies.fr\/wp-content\/uploads\/2022\/11\/LOGO-TOUQUET-RAID-150x150.png 150w, https:\/\/traildes2baies.fr\/wp-content\/uploads\/2022\/11\/LOGO-TOUQUET-RAID-300x300.png 300w, https:\/\/traildes2baies.fr\/wp-content\/uploads\/2022\/11\/LOGO-TOUQUET-RAID.png 400w\" sizes=\"(max-width: 150px) 100vw, 150px\" \/>\t\t\t\t\t\t\t\t<\/a>\n\t\t\t\t\t\t\t\t\t\t\t\t\t<\/div>\n\t\t\t\t<\/div>\n\t\t\t\t\t<\/div>\n\t\t<\/div>\n\t\t\t\t<div class=\"elementor-column elementor-col-25 elementor-top-column elementor-element elementor-element-c3c9e9f\" data-id=\"c3c9e9f\" data-element_type=\"column\">\n\t\t\t<div class=\"elementor-widget-wrap elementor-element-populated\">\n\t\t\t\t\t\t<div class=\"elementor-element elementor-element-3f04dfc elementor-widget elementor-widget-image\" data-id=\"3f04dfc\" data-element_type=\"widget\" data-widget_type=\"image.default\">\n\t\t\t\t<div class=\"elementor-widget-container\">\n\t\t\t\t\t\t\t\t\t\t\t\t\t\t<a href=\"https:\/\/touquetbikeandrun.com\">\n\t\t\t\t\t\t\t<img loading=\"lazy\" width=\"150\" height=\"150\" src=\"https:\/\/traildes2baies.fr\/wp-content\/uploads\/2022\/11\/logobikerun-1-150x150.png\" class=\"attachment-thumbnail size-thumbnail wp-image-31254\" alt=\"Touquet Bike &amp; run\" \/>\t\t\t\t\t\t\t\t<\/a>\n\t\t\t\t\t\t\t\t\t\t\t\t\t<\/div>\n\t\t\t\t<\/div>\n\t\t\t\t\t<\/div>\n\t\t<\/div>\n\t\t\t\t\t<\/div>\n\t\t<\/section>\n\t\t\t\t<\/div>\n\t\t","protected":false},"excerpt":{"rendered":"<p>L\u2019association Touquet Raid existe depuis le 30 juillet 2009. Son si\u00e8ge social est Centre des affaires 62520 Le Touquet. Son objet :\u00a0promouvoir, d\u00e9velopper la pratique des sports comme le raid multisport, proposer des rencontres et des entra\u00eenements, participer \u00e0 des \u00e9v\u00e8nements sportifs ; organiser des \u00e9v\u00e8nements ; mettre \u00e0 disposition de tous les moyens de [&hellip;]<\/p>\n","protected":false},"author":8,"featured_media":31243,"parent":0,"menu_order":0,"comment_status":"closed","ping_status":"closed","template":"","meta":{"_mi_skip_tracking":false},"yoast_head":"<!-- This site is optimized with the Yoast SEO plugin v20.6 - https:\/\/yoast.com\/wordpress\/plugins\/seo\/ -->\n<title>L&#039;association - Trail D2B<\/title>\n<meta name=\"robots\" content=\"index, follow, max-snippet:-1, max-image-preview:large, max-video-preview:-1\" \/>\n<link rel=\"canonical\" href=\"https:\/\/traildes2baies.fr\/?page_id=7254\" \/>\n<meta property=\"og:locale\" content=\"fr_FR\" \/>\n<meta property=\"og:type\" content=\"article\" \/>\n<meta property=\"og:title\" content=\"L&#039;association - Trail D2B\" \/>\n<meta property=\"og:description\" content=\"L\u2019association Touquet Raid existe depuis le 30 juillet 2009. Son si\u00e8ge social est Centre des affaires 62520 Le Touquet. Son objet :\u00a0promouvoir, d\u00e9velopper la pratique des sports comme le raid multisport, proposer des rencontres et des entra\u00eenements, participer \u00e0 des \u00e9v\u00e8nements sportifs ; organiser des \u00e9v\u00e8nements ; mettre \u00e0 disposition de tous les moyens de [&hellip;]\" \/>\n<meta property=\"og:url\" content=\"https:\/\/traildes2baies.fr\/?page_id=7254\" \/>\n<meta property=\"og:site_name\" content=\"Trail D2B\" \/>\n<meta property=\"article:publisher\" content=\"https:\/\/www.facebook.com\/traild2b\" \/>\n<meta property=\"article:modified_time\" content=\"2022-12-02T11:00:42+00:00\" \/>\n<meta property=\"og:image\" content=\"https:\/\/traildes2baies.fr\/wp-content\/uploads\/2022\/11\/image-scaled.jpeg\" \/>\n\t<meta property=\"og:image:width\" content=\"2560\" \/>\n\t<meta property=\"og:image:height\" content=\"936\" \/>\n\t<meta property=\"og:image:type\" content=\"image\/jpeg\" \/>\n<meta name=\"twitter:card\" content=\"summary_large_image\" \/>\n<meta name=\"twitter:label1\" content=\"Dur\u00e9e de lecture estim\u00e9e\" \/>\n\t<meta name=\"twitter:data1\" content=\"2 minutes\" \/>\n<script type=\"application\/ld+json\" class=\"yoast-schema-graph\">{\"@context\":\"https:\/\/schema.org\",\"@graph\":[{\"@type\":\"WebPage\",\"@id\":\"https:\/\/traildes2baies.fr\/?page_id=7254\",\"url\":\"https:\/\/traildes2baies.fr\/?page_id=7254\",\"name\":\"L'association - Trail D2B\",\"isPartOf\":{\"@id\":\"https:\/\/traildes2baies.fr\/#website\"},\"datePublished\":\"2019-10-26T13:36:51+00:00\",\"dateModified\":\"2022-12-02T11:00:42+00:00\",\"breadcrumb\":{\"@id\":\"https:\/\/traildes2baies.fr\/?page_id=7254#breadcrumb\"},\"inLanguage\":\"fr-FR\",\"potentialAction\":[{\"@type\":\"ReadAction\",\"target\":[\"https:\/\/traildes2baies.fr\/?page_id=7254\"]}]},{\"@type\":\"BreadcrumbList\",\"@id\":\"https:\/\/traildes2baies.fr\/?page_id=7254#breadcrumb\",\"itemListElement\":[{\"@type\":\"ListItem\",\"position\":1,\"name\":\"Accueil\",\"item\":\"https:\/\/traildes2baies.fr\/\"},{\"@type\":\"ListItem\",\"position\":2,\"name\":\"L&rsquo;association\"}]},{\"@type\":\"WebSite\",\"@id\":\"https:\/\/traildes2baies.fr\/#website\",\"url\":\"https:\/\/traildes2baies.fr\/\",\"name\":\"Trail D2B\",\"description\":\"\",\"publisher\":{\"@id\":\"https:\/\/traildes2baies.fr\/#organization\"},\"potentialAction\":[{\"@type\":\"SearchAction\",\"target\":{\"@type\":\"EntryPoint\",\"urlTemplate\":\"https:\/\/traildes2baies.fr\/?s={search_term_string}\"},\"query-input\":\"required name=search_term_string\"}],\"inLanguage\":\"fr-FR\"},{\"@type\":\"Organization\",\"@id\":\"https:\/\/traildes2baies.fr\/#organization\",\"name\":\"Trail D2B\",\"url\":\"https:\/\/traildes2baies.fr\/\",\"logo\":{\"@type\":\"ImageObject\",\"inLanguage\":\"fr-FR\",\"@id\":\"https:\/\/traildes2baies.fr\/#\/schema\/logo\/image\/\",\"url\":\"https:\/\/traildes2baies.fr\/wp-content\/uploads\/2019\/06\/trail-d2B.png\",\"contentUrl\":\"https:\/\/traildes2baies.fr\/wp-content\/uploads\/2019\/06\/trail-d2B.png\",\"width\":400,\"height\":400,\"caption\":\"Trail D2B\"},\"image\":{\"@id\":\"https:\/\/traildes2baies.fr\/#\/schema\/logo\/image\/\"},\"sameAs\":[\"https:\/\/www.facebook.com\/traild2b\"]}]}<\/script>\n<!-- \/ Yoast SEO plugin. -->","yoast_head_json":{"title":"L'association - Trail D2B","robots":{"index":"index","follow":"follow","max-snippet":"max-snippet:-1","max-image-preview":"max-image-preview:large","max-video-preview":"max-video-preview:-1"},"canonical":"https:\/\/traildes2baies.fr\/?page_id=7254","og_locale":"fr_FR","og_type":"article","og_title":"L'association - Trail D2B","og_description":"L\u2019association Touquet Raid existe depuis le 30 juillet 2009. Son si\u00e8ge social est Centre des affaires 62520 Le Touquet. Son objet :\u00a0promouvoir, d\u00e9velopper la pratique des sports comme le raid multisport, proposer des rencontres et des entra\u00eenements, participer \u00e0 des \u00e9v\u00e8nements sportifs ; organiser des \u00e9v\u00e8nements ; mettre \u00e0 disposition de tous les moyens de [&hellip;]","og_url":"https:\/\/traildes2baies.fr\/?page_id=7254","og_site_name":"Trail D2B","article_publisher":"https:\/\/www.facebook.com\/traild2b","article_modified_time":"2022-12-02T11:00:42+00:00","og_image":[{"width":2560,"height":936,"url":"https:\/\/traildes2baies.fr\/wp-content\/uploads\/2022\/11\/image-scaled.jpeg","type":"image\/jpeg"}],"twitter_card":"summary_large_image","twitter_misc":{"Dur\u00e9e de lecture estim\u00e9e":"2 minutes"},"schema":{"@context":"https:\/\/schema.org","@graph":[{"@type":"WebPage","@id":"https:\/\/traildes2baies.fr\/?page_id=7254","url":"https:\/\/traildes2baies.fr\/?page_id=7254","name":"L'association - Trail D2B","isPartOf":{"@id":"https:\/\/traildes2baies.fr\/#website"},"datePublished":"2019-10-26T13:36:51+00:00","dateModified":"2022-12-02T11:00:42+00:00","breadcrumb":{"@id":"https:\/\/traildes2baies.fr\/?page_id=7254#breadcrumb"},"inLanguage":"fr-FR","potentialAction":[{"@type":"ReadAction","target":["https:\/\/traildes2baies.fr\/?page_id=7254"]}]},{"@type":"BreadcrumbList","@id":"https:\/\/traildes2baies.fr\/?page_id=7254#breadcrumb","itemListElement":[{"@type":"ListItem","position":1,"name":"Accueil","item":"https:\/\/traildes2baies.fr\/"},{"@type":"ListItem","position":2,"name":"L&rsquo;association"}]},{"@type":"WebSite","@id":"https:\/\/traildes2baies.fr\/#website","url":"https:\/\/traildes2baies.fr\/","name":"Trail D2B","description":"","publisher":{"@id":"https:\/\/traildes2baies.fr\/#organization"},"potentialAction":[{"@type":"SearchAction","target":{"@type":"EntryPoint","urlTemplate":"https:\/\/traildes2baies.fr\/?s={search_term_string}"},"query-input":"required name=search_term_string"}],"inLanguage":"fr-FR"},{"@type":"Organization","@id":"https:\/\/traildes2baies.fr\/#organization","name":"Trail D2B","url":"https:\/\/traildes2baies.fr\/","logo":{"@type":"ImageObject","inLanguage":"fr-FR","@id":"https:\/\/traildes2baies.fr\/#\/schema\/logo\/image\/","url":"https:\/\/traildes2baies.fr\/wp-content\/uploads\/2019\/06\/trail-d2B.png","contentUrl":"https:\/\/traildes2baies.fr\/wp-content\/uploads\/2019\/06\/trail-d2B.png","width":400,"height":400,"caption":"Trail D2B"},"image":{"@id":"https:\/\/traildes2baies.fr\/#\/schema\/logo\/image\/"},"sameAs":["https:\/\/www.facebook.com\/traild2b"]}]}},"_links":{"self":[{"href":"https:\/\/traildes2baies.fr\/index.php?rest_route=\/wp\/v2\/pages\/7254"}],"collection":[{"href":"https:\/\/traildes2baies.fr\/index.php?rest_route=\/wp\/v2\/pages"}],"about":[{"href":"https:\/\/traildes2baies.fr\/index.php?rest_route=\/wp\/v2\/types\/page"}],"author":[{"embeddable":true,"href":"https:\/\/traildes2baies.fr\/index.php?rest_route=\/wp\/v2\/users\/8"}],"replies":[{"embeddable":true,"href":"https:\/\/traildes2baies.fr\/index.php?rest_route=%2Fwp%2Fv2%2Fcomments&post=7254"}],"version-history":[{"count":22,"href":"https:\/\/traildes2baies.fr\/index.php?rest_route=\/wp\/v2\/pages\/7254\/revisions"}],"predecessor-version":[{"id":31374,"href":"https:\/\/traildes2baies.fr\/index.php?rest_route=\/wp\/v2\/pages\/7254\/revisions\/31374"}],"wp:featuredmedia":[{"embeddable":true,"href":"https:\/\/traildes2baies.fr\/index.php?rest_route=\/wp\/v2\/media\/31243"}],"wp:attachment":[{"href":"https:\/\/traildes2baies.fr\/index.php?rest_route=%2Fwp%2Fv2%2Fmedia&parent=7254"}],"curies":[{"name":"wp","href":"https:\/\/api.w.org\/{rel}","templated":true}]}}